est common factor of 3 and s?
3
Suppose -29*o + 25*o = -160. What is the highest common factor of o and 100?
20
Suppose 0 = -2*b - 4*k + 836, -2*b + 6*k = 7*k - 839. What is the greatest common divisor of 60 and b?
60
Let t = -2027 - -3064. Calculate the highest common divisor of 17 and t.
17
Suppose -2*c - 5*k + 310 + 65 = 0, -4*c = -5*k - 705. What is the highest common factor of c and 45?
45
Let v(t) = 4*t + 5. Let g be v(4). Let k = 22 - g. Let w = k + 69. Calculate the greatest common factor of w and 28.
14
Let k be -2*-2*5/20. Suppose 4*p = -3*m + 59, -2*p + 3*p - k = 2*m. Calculate the greatest common factor of p and 55.
11
Let l(i) = 6*i**2 - 6*i + 12. Let c be l(-6). Calculate the highest common divisor of c and 48.
24
Suppose -4*i - 6 = 3*j - 0*i, -j - 10 = 4*i. Let x be (21 + 1)*1/j. Let z = -4 + x. Calculate the greatest common divisor of z and 14.
7
Let w = -79 - -145. Calculate the greatest common factor of w and 99.
33
Let r(l) = -l**2 + 19*l + 223. Let u be r(-8). Calculate the highest common factor of 91 and u.
7
Suppose -w + 3*r = -39, -4*r - 36 - 56 = -3*w. What is the highest common factor of w and 1992?
24
Suppose -4*v = -5*x - 2789, 4*x + 8 = -12. Let d = v - 483. What is the greatest common divisor of d and 52?
52
Let r = 795 + -536. Let v = r - 182. Let x be (-2 - -3)*(6 - -1). What is the greatest common factor of x and v?
7
Let v(b) = 3*b - 9. Let z = -18 + 20. Suppose -z*n + 20 = 2*c, 3*c + 13 = 3*n - 11. Let s be v(n). What is the greatest common factor of 27 and s?
9
Suppose 3*s = 2*s + 2*w + 570, 4*w = -5*s + 2780. Calculate the greatest common factor of 21 and s.
7
Let l be ((-132)/16)/((-6)/40). What is the highest common divisor of 77 and l?
11
Let g(o) = 5 - 38*o**3 + 35*o**3 - o**2 - 5. Let n(f) = -f**2 - 6*f - 7. Let c be n(-5). Let r be g(c). What is the greatest common divisor of 50 and r?
10
Suppose 7*h - 12 = 4*h. Suppose x - 13 = -p, 5*x + 6 = -h. Calculate the highest common factor of 165 and p.
15
Let n = 430 + -195. What is the greatest common divisor of n and 15?
5
Let i = 1217 + -1163. Let l = -27 - -45. What is the greatest common divisor of i and l?
18
Suppose 2*p + 2*p = 260. Let f = -37 + p. Suppose -f = -3*a + 77. What is the highest common divisor of 5 and a?
5
Suppose -2*o = 5*v - 28, -5*o + 118 = -v - 6. Suppose 3*f - 48 = -0*f. What is the greatest common factor of o and f?
8
Let g be ((-1548)/(-84) + -15)/(2/21). Calculate the highest common divisor of 90 and g.
18
Suppose 406*j + 560 = 426*j. What is the highest common factor of j and 154?
14
Let m be (70/(-15) + -4)/(2/(-3)). Let h = 30 - m. What is the greatest common divisor of 68 and h?
17
Let j = -59 + 119. Calculate the highest common divisor of j and 80.
20
Suppose 0 = -4*p + 3*p + j + 86, -3*j = 4*p - 358. What is the greatest common divisor of 99 and p?
11
Let i = 10 + -5. Suppose -5*g = -5*m + 435, -g = i*m - 0*g - 441. Let t = 186 - 164. What is the greatest common divisor of m and t?
22
Let o(u) = u**2 + 2*u. Let z be o(0). Suppose -5*a = l - 2*l - 41, 3*l + 4*a + 28 = z. Let c = l - -30. Calculate the greatest common divisor of 56 and c.
14
Let x(o) = o**3 - 20*o**2 + 13*o - 29. Let w be x(22). Let f be 4 + w/28 + (-1)/(-4). Calculate the highest common factor of f and 24.
24
Suppose -3*b = -3*y - 150, 3*b + 4*y = -0 + 115. What is the highest common divisor of b and 153?
9
Let o be 0*((-2)/5)/(4/5). Suppose 0 = -3*f - 0*f. Suppose o = t - 2*t - w + 85, -4*t - w + 337 = f. Calculate the greatest common factor of 56 and t.
28
Let x = -33 + 166. Suppose 302 - 36 = 14*q. Calculate the greatest common factor of q and x.
19
Let y = -58 - -106. Let c be (3/(-2))/((-2)/y). Let x(t) = 3*t**3 - 3*t**2 + 2*t + 2. Let z be x(2). What is the highest common factor of c and z?
18
Let d be (10 - 65)*(-2)/10. Let m be (-2)/d - (-92)/22. What is the highest common divisor of m and 1?
1
Suppose -2*b - 3*b + 300 = 0. Let v = b - -16. Let k = -46 + v. What is the greatest common divisor of 10 and k?
10
Suppose 3*r + 15 = 0, -196 = -3*w + r + 4*r. Let f = -18 + 18. Suppose -4*c = -3*n - 91, f*c - 2*n + 47 = 3*c. What is the greatest common divisor of c and w?
19
Suppose 0 = 2*h + 5*x - 57, -h + 4*h = -4*x + 82. Calculate the greatest common divisor of 117 and h.
13
Let g = 52 + -36. Let p(j) = 7*j + 207. Let d be p(-29). Calculate the greatest common divisor of d and g.
4
Let l = 210 - 195. What is the greatest common divisor of l and 150?
15
Let x = -7 - -227. Calculate the highest common divisor of 176 and x.
44
Let k = -1772 + 2094. What is the greatest common factor of 92 and k?
46
Let a(m) = -2*m + 18. Let o be a(0). Let s be (54/108)/((-2)/(-36)). What is the highest common factor of o and s?
9
Let r(b) = 2*b**2 - 2*b + 4. Let m be 6/3 - (-4 - -2). Let q be r(m). Let l = 78 + -36. Calculate the highest common divisor of q and l.
14
Let v = 1725 - 1581. What is the highest common divisor of v and 504?
72
Let m = 28 + 107. Calculate the highest common factor of m and 27.
27
Let g(c) = 2*c**2 - 4*c - 121. Let p be g(11). Let s(h) = 6*h + 1. Let q be s(1). What is the highest common factor of q and p?
7
Suppose 4*v + 5 = 3*v, r = -4*v. Suppose z + 2*c - 30 = -c, 5*z + 2*c = 85. Let w be 42/z + 4/r. Calculate the greatest common factor of 2 and w.
1
Let z = 29 + -18. Suppose -z*a + 13*a - 14 = 0. Let f(g) = -g**3 + 7*g**2 + 2*g. Let m be f(a). What is the greatest common divisor of m and 2?
2
Suppose 0 = -4*f + 5*f + 3*o - 3, 0 = 5*f - o - 63. Let i be 28/(-6)*f/(-14). Suppose 0*v - 704 = -i*v. Calculate the greatest common factor of v and 22.
22
Let l be (-39)/(-52) - (-2)/((-16)/(-30834)). Calculate the highest common divisor of l and 15.
15
Suppose -9 = 4*o + 2*y - 3, 4*o = y + 3. Suppose o = 16*p - 9*p - 252. Calculate the greatest common divisor of 144 and p.
36
Suppose -232 = -3*c - 4*i, c = -0*i + 2*i + 84. Calculate the greatest common factor of 100 and c.
20
Let v(n) = -26*n - 224. Let y be v(-29). What is the highest common factor of 424 and y?
106
Let q(f) be the second derivative of f**4/12 - 5*f**3/3 + 4*f**2 - 18*f. Let y be q(11). Calculate the highest common divisor of y and 171.
19
Let b be 702/390*(-10)/12*-14. What is the highest common divisor of b and 1701?
21
Let q be (-9)/(-4) + 2471/4. What is the highest common divisor of 20 and q?
20
Let h be ((-1)/3)/((-12)/324). Let v(n) = -n**2 + 12*n - 5. Let p be v(h). Suppose 15*t - 132 = 14*t. What is the greatest common factor of p and t?
22
Let g be 22 + 2 + -2 + 2. Suppose 0 = 3*p + 25 - 7. Let u be ((-80)/12)/1*(-24 - p). What is the highest common divisor of g and u?
24
Suppose 7*k + 5*x = 3*k + 14, -5*k - x + 7 = 0. Calculate the greatest common divisor of k and 57.
1
Let b be (6 - -59) + (-2 + -1)*-2. What is the highest common divisor of 3 and b?
1
Suppose 3*g = 4*u - 10, -12 = -3*u - 0. Suppose -a - 2*a + g*p = -38, 5 = -5*p. What is the highest common divisor of 6 and a?
6
Let q be (-3)/(5*27/(-1710)). Calculate the greatest common factor of q and 532.
38
Let a(s) = -6*s - 57. Let g be a(7). Let j = 102 + g. Calculate the greatest common divisor of j and 3.
3
Let f = -22 + 52. Let x(s) = s**3 + 4*s**2 + 14*s + 115. Let u be x(-5). Calculate the greatest common divisor of f and u.
10
Let y = 495 - 198. Suppose -2*o - 3*o = -5. Let i = 26 + o. What is the highest common divisor of y and i?
27
Suppose -167 = -4*h + 101. Suppose -2*f - s + 43 = 0, s - h = -3*f + 2*s. Let k be (76/95)/(4/(-1210)*-1). Calculate the greatest common factor of k and f.
22
Suppose 0 = 17*h - 425 + 255. Calculate the greatest common divisor of 15 and h.
5
Suppose 4*c + 48 = -4*s, 5*c + 4*s = 5*s - 60. Let m be 2*(-4 - -3)*c. Calculate the greatest common divisor of m and 16.
8
Suppose s - 5*p + 926 - 2892 = 0, 7888 = 4*s + 4*p. Calculate the greatest common factor of s and 73.
73
Suppose 0*c - 5*c = 0, 4*x = -4*c + 528. Calculate the highest common divisor of x and 48.
12
Suppose a - 1 = 3, -5*v = a - 204. Let c be 5/(25/102) + (-30)/75. Let s be ((-36)/(-15))/(3/c). Calculate the greatest common divisor of v and s.
8
Let t(z) = -z**3 - 8*z**2 - 14*z - 8. Let q be t(-6). What is the highest common divisor of q and 34?
2
Let j be (-18792)/(-396) - (-1)/(33/18). What is the highest common divi